{"id":67,"date":"2015-09-12T00:02:31","date_gmt":"2015-09-11T23:02:31","guid":{"rendered":"http:\/\/judoposeidon.be\/wordpress\/?page_id=67"},"modified":"2026-01-23T18:53:39","modified_gmt":"2026-01-23T17:53:39","slug":"annonces-competitions","status":"publish","type":"page","link":"https:\/\/judoposeidon.be\/wordpress\/annonces-competitions\/","title":{"rendered":"Annonces comp\u00e9titions"},"content":{"rendered":"<p><!--more-->Les dates des comp\u00e9titions sont annonc\u00e9es au fur et \u00e0 mesure qu&rsquo;elles seront communiqu\u00e9es par les organisateurs.<\/p>\n<p>Pour vous inscrire \u00e0 une comp\u00e9tition, veuillez <strong>remplir le formulaire en ligne<\/strong> ou nous <strong>communiquer le nom du judoka, sa date de naissance et son num\u00e9ro de licence directement au secr\u00e9tariat&nbsp;<\/strong> pendant les heures d&rsquo;ouverture du dojo.<\/p>\n<p><strong>Les prochaines comp\u00e9titions pr\u00e9vues \u00e0 l&rsquo;agenda des coachs du club sont les suivantes :<\/strong><\/p>\n<ul>\n<li>25\/01\/2026 Provincial Jeunes 2026 (inscription avant le 17\/01\/2026 via <a href=\"https:\/\/framaforms.org\/championnat-provincial-brabant-bruxelles-2026-1736270920\">https:\/\/framaforms.org\/championnat-provincial-brabant-bruxelles-2026-1736270920<\/a>)<\/li>\n<\/ul>\n<p><a href=\"https:\/\/judoposeidon.be\/wordpress\/wp-content\/uploads\/2025\/12\/Provincial-Brabant-2026.png\"><img loading=\"lazy\" decoding=\"async\" class=\"alignnone size-medium wp-image-11550\" src=\"https:\/\/judoposeidon.be\/wordpress\/wp-content\/uploads\/2025\/12\/Provincial-Brabant-2026-211x300.png\" alt=\"\" width=\"211\" height=\"300\" srcset=\"https:\/\/judoposeidon.be\/wordpress\/wp-content\/uploads\/2025\/12\/Provincial-Brabant-2026-211x300.png 211w, https:\/\/judoposeidon.be\/wordpress\/wp-content\/uploads\/2025\/12\/Provincial-Brabant-2026-721x1024.png 721w, https:\/\/judoposeidon.be\/wordpress\/wp-content\/uploads\/2025\/12\/Provincial-Brabant-2026-768x1090.png 768w, https:\/\/judoposeidon.be\/wordpress\/wp-content\/uploads\/2025\/12\/Provincial-Brabant-2026.png 1082w\" sizes=\"auto, (max-width: 211px) 100vw, 211px\" \/><\/a><\/p>\n<ul>\n<li>7 &amp; 8\/02\/2026 R\u00e9gional Jeunes 2026<\/li>\n<\/ul>\n<p><a href=\"https:\/\/judoposeidon.be\/wordpress\/wp-content\/uploads\/2025\/09\/Regional-jeunes-2026.png\"><img loading=\"lazy\" decoding=\"async\" class=\"alignnone size-medium wp-image-11560\" src=\"https:\/\/judoposeidon.be\/wordpress\/wp-content\/uploads\/2025\/09\/Regional-jeunes-2026-212x300.png\" alt=\"\" width=\"212\" height=\"300\" srcset=\"https:\/\/judoposeidon.be\/wordpress\/wp-content\/uploads\/2025\/09\/Regional-jeunes-2026-212x300.png 212w, https:\/\/judoposeidon.be\/wordpress\/wp-content\/uploads\/2025\/09\/Regional-jeunes-2026-724x1024.png 724w, https:\/\/judoposeidon.be\/wordpress\/wp-content\/uploads\/2025\/09\/Regional-jeunes-2026-768x1086.png 768w, https:\/\/judoposeidon.be\/wordpress\/wp-content\/uploads\/2025\/09\/Regional-jeunes-2026-1086x1536.png 1086w, https:\/\/judoposeidon.be\/wordpress\/wp-content\/uploads\/2025\/09\/Regional-jeunes-2026.png 1448w\" sizes=\"auto, (max-width: 212px) 100vw, 212px\" \/><\/a><\/p>\n<ul>\n<li>14 &amp; 15\/02\/2026 National Jeunes 2026<\/li>\n<\/ul>\n<p><a href=\"https:\/\/judoposeidon.be\/wordpress\/wp-content\/uploads\/2026\/01\/belgique-jeune-2026_3.jpg\"><img loading=\"lazy\" decoding=\"async\" class=\"alignnone size-medium wp-image-11567\" src=\"https:\/\/judoposeidon.be\/wordpress\/wp-content\/uploads\/2026\/01\/belgique-jeune-2026_3-212x300.jpg\" alt=\"\" width=\"212\" height=\"300\" srcset=\"https:\/\/judoposeidon.be\/wordpress\/wp-content\/uploads\/2026\/01\/belgique-jeune-2026_3-212x300.jpg 212w, https:\/\/judoposeidon.be\/wordpress\/wp-content\/uploads\/2026\/01\/belgique-jeune-2026_3-724x1024.jpg 724w, https:\/\/judoposeidon.be\/wordpress\/wp-content\/uploads\/2026\/01\/belgique-jeune-2026_3-768x1086.jpg 768w, https:\/\/judoposeidon.be\/wordpress\/wp-content\/uploads\/2026\/01\/belgique-jeune-2026_3-1086x1536.jpg 1086w, https:\/\/judoposeidon.be\/wordpress\/wp-content\/uploads\/2026\/01\/belgique-jeune-2026_3.jpg 1414w\" sizes=\"auto, (max-width: 212px) 100vw, 212px\" \/><\/a><a href=\"https:\/\/judoposeidon.be\/wordpress\/wp-content\/uploads\/2025\/09\/belgique-jeune-2026.jpg\"><img loading=\"lazy\" decoding=\"async\" class=\"alignnone size-medium wp-image-11562\" src=\"https:\/\/judoposeidon.be\/wordpress\/wp-content\/uploads\/2025\/09\/belgique-jeune-2026-212x300.jpg\" alt=\"\" width=\"212\" height=\"300\" srcset=\"https:\/\/judoposeidon.be\/wordpress\/wp-content\/uploads\/2025\/09\/belgique-jeune-2026-212x300.jpg 212w, https:\/\/judoposeidon.be\/wordpress\/wp-content\/uploads\/2025\/09\/belgique-jeune-2026-724x1024.jpg 724w, https:\/\/judoposeidon.be\/wordpress\/wp-content\/uploads\/2025\/09\/belgique-jeune-2026-768x1086.jpg 768w, https:\/\/judoposeidon.be\/wordpress\/wp-content\/uploads\/2025\/09\/belgique-jeune-2026-1086x1536.jpg 1086w, https:\/\/judoposeidon.be\/wordpress\/wp-content\/uploads\/2025\/09\/belgique-jeune-2026.jpg 1414w\" sizes=\"auto, (max-width: 212px) 100vw, 212px\" \/><\/a> <a href=\"https:\/\/judoposeidon.be\/wordpress\/wp-content\/uploads\/2025\/09\/belgique-jeune-2026_2.jpg\"><img loading=\"lazy\" decoding=\"async\" class=\"alignnone size-medium wp-image-11563\" src=\"https:\/\/judoposeidon.be\/wordpress\/wp-content\/uploads\/2025\/09\/belgique-jeune-2026_2-212x300.jpg\" alt=\"\" width=\"212\" height=\"300\" srcset=\"https:\/\/judoposeidon.be\/wordpress\/wp-content\/uploads\/2025\/09\/belgique-jeune-2026_2-212x300.jpg 212w, https:\/\/judoposeidon.be\/wordpress\/wp-content\/uploads\/2025\/09\/belgique-jeune-2026_2-724x1024.jpg 724w, https:\/\/judoposeidon.be\/wordpress\/wp-content\/uploads\/2025\/09\/belgique-jeune-2026_2-768x1086.jpg 768w, https:\/\/judoposeidon.be\/wordpress\/wp-content\/uploads\/2025\/09\/belgique-jeune-2026_2-1086x1536.jpg 1086w, https:\/\/judoposeidon.be\/wordpress\/wp-content\/uploads\/2025\/09\/belgique-jeune-2026_2.jpg 1414w\" sizes=\"auto, (max-width: 212px) 100vw, 212px\" \/><\/a><\/p>\n<ul>\n<li>2\/05\/2026 Open V\u00e9t\u00e9rans<\/li>\n<\/ul>\n<p><a href=\"https:\/\/judoposeidon.be\/wordpress\/wp-content\/uploads\/2025\/09\/sTD-2025_3.jpg\"><img loading=\"lazy\" decoding=\"async\" class=\"alignnone size-medium wp-image-11319\" src=\"https:\/\/judoposeidon.be\/wordpress\/wp-content\/uploads\/2025\/09\/sTD-2025_3-212x300.jpg\" alt=\"\" width=\"212\" height=\"300\" srcset=\"https:\/\/judoposeidon.be\/wordpress\/wp-content\/uploads\/2025\/09\/sTD-2025_3-212x300.jpg 212w, https:\/\/judoposeidon.be\/wordpress\/wp-content\/uploads\/2025\/09\/sTD-2025_3-724x1024.jpg 724w, https:\/\/judoposeidon.be\/wordpress\/wp-content\/uploads\/2025\/09\/sTD-2025_3-768x1086.jpg 768w, https:\/\/judoposeidon.be\/wordpress\/wp-content\/uploads\/2025\/09\/sTD-2025_3-1086x1536.jpg 1086w, https:\/\/judoposeidon.be\/wordpress\/wp-content\/uploads\/2025\/09\/sTD-2025_3.jpg 1448w\" sizes=\"auto, (max-width: 212px) 100vw, 212px\" \/><\/a><\/p>\n<p>Le <strong>calendrier des <a href=\"https:\/\/judoposeidon.be\/wordpress\/wp-content\/uploads\/2025\/08\/2025-2026-grille-dates-shiai.pdf\">2025-2026-grille-dates-shiai<\/a><\/strong><br \/>\nLes <strong>cat\u00e9gories d&rsquo;\u00e2ge et de poids <\/strong>par grade minimum est disponible ici :&nbsp;<a href=\"https:\/\/judoposeidon.be\/wordpress\/wp-content\/uploads\/2025\/01\/CATES-AGES-2025.pdf\">CATES-AGES-2025<\/a><\/p>\n<p>&nbsp;<\/p>\n<p>&nbsp;<\/p>\n","protected":false},"excerpt":{"rendered":"","protected":false},"author":1,"featured_media":0,"parent":0,"menu_order":0,"comment_status":"closed","ping_status":"closed","template":"","meta":{"ngg_post_thumbnail":0,"footnotes":""},"class_list":["post-67","page","type-page","status-publish","hentry"],"_links":{"self":[{"href":"https:\/\/judoposeidon.be\/wordpress\/wp-json\/wp\/v2\/pages\/67","targetHints":{"allow":["GET"]}}],"collection":[{"href":"https:\/\/judoposeidon.be\/wordpress\/wp-json\/wp\/v2\/pages"}],"about":[{"href":"https:\/\/judoposeidon.be\/wordpress\/wp-json\/wp\/v2\/types\/page"}],"author":[{"embeddable":true,"href":"https:\/\/judoposeidon.be\/wordpress\/wp-json\/wp\/v2\/users\/1"}],"replies":[{"embeddable":true,"href":"https:\/\/judoposeidon.be\/wordpress\/wp-json\/wp\/v2\/comments?post=67"}],"version-history":[{"count":239,"href":"https:\/\/judoposeidon.be\/wordpress\/wp-json\/wp\/v2\/pages\/67\/revisions"}],"predecessor-version":[{"id":11568,"href":"https:\/\/judoposeidon.be\/wordpress\/wp-json\/wp\/v2\/pages\/67\/revisions\/11568"}],"wp:attachment":[{"href":"https:\/\/judoposeidon.be\/wordpress\/wp-json\/wp\/v2\/media?parent=67"}],"curies":[{"name":"wp","href":"https:\/\/api.w.org\/{rel}","templated":true}]}}

Annonces compétitions

<p><!--more-->Les dates des compétitions sont annoncées au fur et à mesure qu&rsquo;elles seront communiquées par les organisateurs.</p>
<p>Pour vous inscrire à une compétition, veuillez <strong>remplir le formulaire en ligne</strong> ou nous <strong>communiquer le nom du judoka, sa date de naissance et son numéro de licence directement au secrétariat&nbsp;</strong> pendant les heures d&rsquo;ouverture du dojo.</p>
<p><strong>Les prochaines compétitions prévues à l&rsquo;agenda des coachs du club sont les suivantes :</strong></p>
<ul>
<li>25/01/2026 Provincial Jeunes 2026 (inscription avant le 17/01/2026 via <a href="https://framaforms.org/championnat-provincial-brabant-bruxelles-2026-1736270920">https://framaforms.org/championnat-provincial-brabant-bruxelles-2026-1736270920</a>)</li>
</ul>
<p><a href="https://judoposeidon.be/wordpress/wp-content/uploads/2025/12/Provincial-Brabant-2026.png"><img loading="lazy" decoding="async" class="alignnone size-medium wp-image-11550" src="https://judoposeidon.be/wordpress/wp-content/uploads/2025/12/Provincial-Brabant-2026-211x300.png" alt="" width="211" height="300" srcset="https://judoposeidon.be/wordpress/wp-content/uploads/2025/12/Provincial-Brabant-2026-211x300.png 211w, https://judoposeidon.be/wordpress/wp-content/uploads/2025/12/Provincial-Brabant-2026-721x1024.png 721w, https://judoposeidon.be/wordpress/wp-content/uploads/2025/12/Provincial-Brabant-2026-768x1090.png 768w, https://judoposeidon.be/wordpress/wp-content/uploads/2025/12/Provincial-Brabant-2026.png 1082w" sizes="auto, (max-width: 211px) 100vw, 211px" /></a></p>
<ul>
<li>7 &amp; 8/02/2026 Régional Jeunes 2026</li>
</ul>
<p><a href="https://judoposeidon.be/wordpress/wp-content/uploads/2025/09/Regional-jeunes-2026.png"><img loading="lazy" decoding="async" class="alignnone size-medium wp-image-11560" src="https://judoposeidon.be/wordpress/wp-content/uploads/2025/09/Regional-jeunes-2026-212x300.png" alt="" width="212" height="300" srcset="https://judoposeidon.be/wordpress/wp-content/uploads/2025/09/Regional-jeunes-2026-212x300.png 212w, https://judoposeidon.be/wordpress/wp-content/uploads/2025/09/Regional-jeunes-2026-724x1024.png 724w, https://judoposeidon.be/wordpress/wp-content/uploads/2025/09/Regional-jeunes-2026-768x1086.png 768w, https://judoposeidon.be/wordpress/wp-content/uploads/2025/09/Regional-jeunes-2026-1086x1536.png 1086w, https://judoposeidon.be/wordpress/wp-content/uploads/2025/09/Regional-jeunes-2026.png 1448w" sizes="auto, (max-width: 212px) 100vw, 212px" /></a></p>
<ul>
<li>14 &amp; 15/02/2026 National Jeunes 2026</li>
</ul>
<p><a href="https://judoposeidon.be/wordpress/wp-content/uploads/2026/01/belgique-jeune-2026_3.jpg"><img loading="lazy" decoding="async" class="alignnone size-medium wp-image-11567" src="https://judoposeidon.be/wordpress/wp-content/uploads/2026/01/belgique-jeune-2026_3-212x300.jpg" alt="" width="212" height="300" srcset="https://judoposeidon.be/wordpress/wp-content/uploads/2026/01/belgique-jeune-2026_3-212x300.jpg 212w, https://judoposeidon.be/wordpress/wp-content/uploads/2026/01/belgique-jeune-2026_3-724x1024.jpg 724w, https://judoposeidon.be/wordpress/wp-content/uploads/2026/01/belgique-jeune-2026_3-768x1086.jpg 768w, https://judoposeidon.be/wordpress/wp-content/uploads/2026/01/belgique-jeune-2026_3-1086x1536.jpg 1086w, https://judoposeidon.be/wordpress/wp-content/uploads/2026/01/belgique-jeune-2026_3.jpg 1414w" sizes="auto, (max-width: 212px) 100vw, 212px" /></a><a href="https://judoposeidon.be/wordpress/wp-content/uploads/2025/09/belgique-jeune-2026.jpg"><img loading="lazy" decoding="async" class="alignnone size-medium wp-image-11562" src="https://judoposeidon.be/wordpress/wp-content/uploads/2025/09/belgique-jeune-2026-212x300.jpg" alt="" width="212" height="300" srcset="https://judoposeidon.be/wordpress/wp-content/uploads/2025/09/belgique-jeune-2026-212x300.jpg 212w, https://judoposeidon.be/wordpress/wp-content/uploads/2025/09/belgique-jeune-2026-724x1024.jpg 724w, https://judoposeidon.be/wordpress/wp-content/uploads/2025/09/belgique-jeune-2026-768x1086.jpg 768w, https://judoposeidon.be/wordpress/wp-content/uploads/2025/09/belgique-jeune-2026-1086x1536.jpg 1086w, https://judoposeidon.be/wordpress/wp-content/uploads/2025/09/belgique-jeune-2026.jpg 1414w" sizes="auto, (max-width: 212px) 100vw, 212px" /></a> <a href="https://judoposeidon.be/wordpress/wp-content/uploads/2025/09/belgique-jeune-2026_2.jpg"><img loading="lazy" decoding="async" class="alignnone size-medium wp-image-11563" src="https://judoposeidon.be/wordpress/wp-content/uploads/2025/09/belgique-jeune-2026_2-212x300.jpg" alt="" width="212" height="300" srcset="https://judoposeidon.be/wordpress/wp-content/uploads/2025/09/belgique-jeune-2026_2-212x300.jpg 212w, https://judoposeidon.be/wordpress/wp-content/uploads/2025/09/belgique-jeune-2026_2-724x1024.jpg 724w, https://judoposeidon.be/wordpress/wp-content/uploads/2025/09/belgique-jeune-2026_2-768x1086.jpg 768w, https://judoposeidon.be/wordpress/wp-content/uploads/2025/09/belgique-jeune-2026_2-1086x1536.jpg 1086w, https://judoposeidon.be/wordpress/wp-content/uploads/2025/09/belgique-jeune-2026_2.jpg 1414w" sizes="auto, (max-width: 212px) 100vw, 212px" /></a></p>
<ul>
<li>2/05/2026 Open Vétérans</li>
</ul>
<p><a href="https://judoposeidon.be/wordpress/wp-content/uploads/2025/09/sTD-2025_3.jpg"><img loading="lazy" decoding="async" class="alignnone size-medium wp-image-11319" src="https://judoposeidon.be/wordpress/wp-content/uploads/2025/09/sTD-2025_3-212x300.jpg" alt="" width="212" height="300" srcset="https://judoposeidon.be/wordpress/wp-content/uploads/2025/09/sTD-2025_3-212x300.jpg 212w, https://judoposeidon.be/wordpress/wp-content/uploads/2025/09/sTD-2025_3-724x1024.jpg 724w, https://judoposeidon.be/wordpress/wp-content/uploads/2025/09/sTD-2025_3-768x1086.jpg 768w, https://judoposeidon.be/wordpress/wp-content/uploads/2025/09/sTD-2025_3-1086x1536.jpg 1086w, https://judoposeidon.be/wordpress/wp-content/uploads/2025/09/sTD-2025_3.jpg 1448w" sizes="auto, (max-width: 212px) 100vw, 212px" /></a></p>
<p>Le <strong>calendrier des <a href="https://judoposeidon.be/wordpress/wp-content/uploads/2025/08/2025-2026-grille-dates-shiai.pdf">2025-2026-grille-dates-shiai</a></strong><br />
Les <strong>catégories d&rsquo;âge et de poids </strong>par grade minimum est disponible ici :&nbsp;<a href="https://judoposeidon.be/wordpress/wp-content/uploads/2025/01/CATES-AGES-2025.pdf">CATES-AGES-2025</a></p>
<p>&nbsp;</p>
<p>&nbsp;</p>
