{"id":5516,"date":"2018-08-26T18:52:59","date_gmt":"2018-08-26T17:52:59","guid":{"rendered":"http:\/\/judoposeidon.be\/wordpress\/?post_type=tribe_events&#038;p=5516"},"modified":"2018-08-26T18:58:54","modified_gmt":"2018-08-26T17:58:54","slug":"entrainement-de-masse-donne-par-ilse-heylen","status":"publish","type":"tribe_events","link":"https:\/\/judoposeidon.be\/wordpress\/event\/entrainement-de-masse-donne-par-ilse-heylen\/","title":{"rendered":"Entrainement de masse donn\u00e9 par  Ilse Heylen"},"content":{"rendered":"<p><span style=\"display: inline !important; float: none; background-color: transparent; color: #333333; cursor: text; font-family: Georgia,'Times New Roman','Bitstream Charter',Times,serif; font-size: 16px; font-style: normal; font-variant: normal; font-weight: 400; letter-spacing: normal; orphans: 2; text-align: left; text-decoration: none; text-indent: 0px; text-transform: none; -webkit-text-stroke-width: 0px; white-space: normal; word-spacing: 0px;\">Un entrainement de masse est organis\u00e9 le 14 d\u00e9cembre 2018 donn\u00e9 par&nbsp; <\/span><a class=\"profileLink\" href=\"https:\/\/www.facebook.com\/ilse.heylen.50?fref=mentions\" data-hovercard-prefer-more-content-show=\"1\" data-hovercard=\"\/ajax\/hovercard\/user.php?id=100004477292343&amp;extragetparams=%7B%22fref%22%3A%22mentions%22%7D\">Ilse Heylen.<\/a><\/p>\n<p>Il est accessible \u00e0 tou.te.s les judoka.te.s \u00e0 partir de U15<\/p>\n","protected":false},"excerpt":{"rendered":"<p>Un entrainement de masse est organis\u00e9 le 14 d\u00e9cembre 2018 donn\u00e9 par&nbsp; Ilse Heylen. Il est accessible \u00e0 tou.te.s les judoka.te.s \u00e0 partir de U15<\/p>\n","protected":false},"author":2,"featured_media":0,"template":"","meta":{"ngg_post_thumbnail":0,"_tribe_events_status":"","_tribe_events_status_reason":"","footnotes":""},"tags":[],"tribe_events_cat":[10,6],"class_list":["post-5516","tribe_events","type-tribe_events","status-publish","hentry","tribe_events_cat-activites-du-club","tribe_events_cat-entrainement-des-u15","cat_activites-du-club","cat_entrainement-des-u15"],"_links":{"self":[{"href":"https:\/\/judoposeidon.be\/wordpress\/wp-json\/wp\/v2\/tribe_events\/5516","targetHints":{"allow":["GET"]}}],"collection":[{"href":"https:\/\/judoposeidon.be\/wordpress\/wp-json\/wp\/v2\/tribe_events"}],"about":[{"href":"https:\/\/judoposeidon.be\/wordpress\/wp-json\/wp\/v2\/types\/tribe_events"}],"author":[{"embeddable":true,"href":"https:\/\/judoposeidon.be\/wordpress\/wp-json\/wp\/v2\/users\/2"}],"version-history":[{"count":1,"href":"https:\/\/judoposeidon.be\/wordpress\/wp-json\/wp\/v2\/tribe_events\/5516\/revisions"}],"predecessor-version":[{"id":5519,"href":"https:\/\/judoposeidon.be\/wordpress\/wp-json\/wp\/v2\/tribe_events\/5516\/revisions\/5519"}],"wp:attachment":[{"href":"https:\/\/judoposeidon.be\/wordpress\/wp-json\/wp\/v2\/media?parent=5516"}],"wp:term":[{"taxonomy":"post_tag","embeddable":true,"href":"https:\/\/judoposeidon.be\/wordpress\/wp-json\/wp\/v2\/tags?post=5516"},{"taxonomy":"tribe_events_cat","embeddable":true,"href":"https:\/\/judoposeidon.be\/wordpress\/wp-json\/wp\/v2\/tribe_events_cat?post=5516"}],"curies":[{"name":"wp","href":"https:\/\/api.w.org\/{rel}","templated":true}]}}

Entrainement de masse donné par  Ilse Heylen

<p><span style="display: inline !important; float: none; background-color: transparent; color: #333333; cursor: text; font-family: Georgia,'Times New Roman','Bitstream Charter',Times,serif; font-size: 16px; font-style: normal; font-variant: normal; font-weight: 400; letter-spacing: normal; orphans: 2; text-align: left; text-decoration: none; text-indent: 0px; text-transform: none; -webkit-text-stroke-width: 0px; white-space: normal; word-spacing: 0px;">Un entrainement de masse est organisé le 14 décembre 2018 donné par&nbsp; </span><a class="profileLink" href="https://www.facebook.com/ilse.heylen.50?fref=mentions" data-hovercard-prefer-more-content-show="1" data-hovercard="/ajax/hovercard/user.php?id=100004477292343&amp;extragetparams=%7B%22fref%22%3A%22mentions%22%7D">Ilse Heylen.</a></p>
<p>Il est accessible à tou.te.s les judoka.te.s à partir de U15</p>

<p>Un entrainement de masse est organisé le 14 décembre 2018 donné par&nbsp; Ilse Heylen. Il est accessible à tou.te.s les judoka.te.s à partir de U15</p>
