{"id":6283,"date":"2019-02-08T14:14:30","date_gmt":"2019-02-08T13:14:30","guid":{"rendered":"http:\/\/judoposeidon.be\/wordpress\/?post_type=tribe_events&#038;p=6283"},"modified":"2019-02-08T14:14:30","modified_gmt":"2019-02-08T13:14:30","slug":"entrainement-provincial-a-partir-des-u13-deuxieme-annee-u15-u21","status":"publish","type":"tribe_events","link":"https:\/\/judoposeidon.be\/wordpress\/event\/entrainement-provincial-a-partir-des-u13-deuxieme-annee-u15-u21\/","title":{"rendered":"Entrainement Provincial (\u00e0 partir des U13 deuxi\u00e8me ann\u00e9e U15, U21, &#8230;)"},"content":{"rendered":"<p><a href=\"https:\/\/judoposeidon.be\/wordpress\/wp-content\/uploads\/2019\/02\/provetterb2019.jpg\"><img loading=\"lazy\" decoding=\"async\" class=\"alignnone size-medium wp-image-6277\" src=\"https:\/\/judoposeidon.be\/wordpress\/wp-content\/uploads\/2019\/02\/provetterb2019-300x186.jpg\" alt=\"\" width=\"300\" height=\"186\" srcset=\"https:\/\/judoposeidon.be\/wordpress\/wp-content\/uploads\/2019\/02\/provetterb2019-300x186.jpg 300w, https:\/\/judoposeidon.be\/wordpress\/wp-content\/uploads\/2019\/02\/provetterb2019-768x477.jpg 768w, https:\/\/judoposeidon.be\/wordpress\/wp-content\/uploads\/2019\/02\/provetterb2019-1024x636.jpg 1024w, https:\/\/judoposeidon.be\/wordpress\/wp-content\/uploads\/2019\/02\/provetterb2019.jpg 1045w\" sizes=\"auto, (max-width: 300px) 100vw, 300px\" \/><\/a><\/p>\n","protected":false},"excerpt":{"rendered":"","protected":false},"author":2,"featured_media":0,"template":"","meta":{"ngg_post_thumbnail":0,"_tribe_events_status":"","_tribe_events_status_reason":"","footnotes":""},"tags":[],"tribe_events_cat":[6],"class_list":["post-6283","tribe_events","type-tribe_events","status-publish","hentry","tribe_events_cat-entrainement-des-u15","cat_entrainement-des-u15"],"_links":{"self":[{"href":"https:\/\/judoposeidon.be\/wordpress\/wp-json\/wp\/v2\/tribe_events\/6283","targetHints":{"allow":["GET"]}}],"collection":[{"href":"https:\/\/judoposeidon.be\/wordpress\/wp-json\/wp\/v2\/tribe_events"}],"about":[{"href":"https:\/\/judoposeidon.be\/wordpress\/wp-json\/wp\/v2\/types\/tribe_events"}],"author":[{"embeddable":true,"href":"https:\/\/judoposeidon.be\/wordpress\/wp-json\/wp\/v2\/users\/2"}],"version-history":[{"count":1,"href":"https:\/\/judoposeidon.be\/wordpress\/wp-json\/wp\/v2\/tribe_events\/6283\/revisions"}],"predecessor-version":[{"id":6285,"href":"https:\/\/judoposeidon.be\/wordpress\/wp-json\/wp\/v2\/tribe_events\/6283\/revisions\/6285"}],"wp:attachment":[{"href":"https:\/\/judoposeidon.be\/wordpress\/wp-json\/wp\/v2\/media?parent=6283"}],"wp:term":[{"taxonomy":"post_tag","embeddable":true,"href":"https:\/\/judoposeidon.be\/wordpress\/wp-json\/wp\/v2\/tags?post=6283"},{"taxonomy":"tribe_events_cat","embeddable":true,"href":"https:\/\/judoposeidon.be\/wordpress\/wp-json\/wp\/v2\/tribe_events_cat?post=6283"}],"curies":[{"name":"wp","href":"https:\/\/api.w.org\/{rel}","templated":true}]}}

Entrainement Provincial (à partir des U13 deuxième année U15, U21, &#8230;)
