{"id":9575,"date":"2023-09-26T09:16:14","date_gmt":"2023-09-26T08:16:14","guid":{"rendered":"http:\/\/judoposeidon.be\/wordpress\/?post_type=tribe_events&#038;p=9575"},"modified":"2023-09-26T09:16:14","modified_gmt":"2023-09-26T08:16:14","slug":"conge-dautomne-cours-suspendus-3","status":"publish","type":"tribe_events","link":"https:\/\/judoposeidon.be\/wordpress\/event\/conge-dautomne-cours-suspendus-3\/","title":{"rendered":"Cong\u00e9 d&rsquo;automne &#8211; cours suspendus"},"content":{"rendered":"<p>les cours sont suspendus sauf pour \u00e0 partir de U15 les lundis et vendredis de 19h30 \u00e0 21h<\/p>\n","protected":false},"excerpt":{"rendered":"<p>les cours sont suspendus sauf pour \u00e0 partir de U15 les lundis et vendredis de 19h30 \u00e0 21h<\/p>\n","protected":false},"author":2,"featured_media":0,"template":"","meta":{"ngg_post_thumbnail":0,"_tribe_events_status":"","_tribe_events_status_reason":"","footnotes":""},"tags":[],"tribe_events_cat":[9],"class_list":["post-9575","tribe_events","type-tribe_events","status-publish","hentry","tribe_events_cat-vacances","cat_vacances"],"_links":{"self":[{"href":"https:\/\/judoposeidon.be\/wordpress\/wp-json\/wp\/v2\/tribe_events\/9575","targetHints":{"allow":["GET"]}}],"collection":[{"href":"https:\/\/judoposeidon.be\/wordpress\/wp-json\/wp\/v2\/tribe_events"}],"about":[{"href":"https:\/\/judoposeidon.be\/wordpress\/wp-json\/wp\/v2\/types\/tribe_events"}],"author":[{"embeddable":true,"href":"https:\/\/judoposeidon.be\/wordpress\/wp-json\/wp\/v2\/users\/2"}],"version-history":[{"count":1,"href":"https:\/\/judoposeidon.be\/wordpress\/wp-json\/wp\/v2\/tribe_events\/9575\/revisions"}],"predecessor-version":[{"id":9576,"href":"https:\/\/judoposeidon.be\/wordpress\/wp-json\/wp\/v2\/tribe_events\/9575\/revisions\/9576"}],"wp:attachment":[{"href":"https:\/\/judoposeidon.be\/wordpress\/wp-json\/wp\/v2\/media?parent=9575"}],"wp:term":[{"taxonomy":"post_tag","embeddable":true,"href":"https:\/\/judoposeidon.be\/wordpress\/wp-json\/wp\/v2\/tags?post=9575"},{"taxonomy":"tribe_events_cat","embeddable":true,"href":"https:\/\/judoposeidon.be\/wordpress\/wp-json\/wp\/v2\/tribe_events_cat?post=9575"}],"curies":[{"name":"wp","href":"https:\/\/api.w.org\/{rel}","templated":true}]}}

Congé d&rsquo;automne &#8211; cours suspendus

<p>les cours sont suspendus sauf pour à partir de U15 les lundis et vendredis de 19h30 à 21h</p>
